e 12?
2b69820
Convert -2d6fb (base 16) to base 6.
-3553335
1121001210 (base 3) to base 4
13222203
What is 7f1109 (base 16) in base 3?
120200002002110
What is -212415 (base 15) in base 2?
-110000001000001010101
Convert -7175 (base 11) to base 5.
-301040
What is 5632254 (base 11) in base 7?
146621263
What is -136235 (base 11) in base 12?
-a34a0
-20e431 (base 15) to base 16
-17e8e2
Convert 13460435 (base 9) to base 2.
11001011000010100011010
What is 363202 (base 10) in base 6?
11441254
Convert -37608 (base 13) to base 7.
-603423
4335003 (base 6) to base 10
214923
What is 1523420 (base 8) in base 14?
b4c5a
-1025464 (base 8) to base 2
-1000010101100110100
42ad (base 14) to base 2
10110100000001
470683 (base 12) to base 7
12462552
What is 1542637 (base 8) in base 3?
211112210022
What is 7709d (base 16) in base 7?
4100343
Convert -10000100101000000011100 (base 2) to base 9.
-8153380
-1004331 (base 5) to base 16
-3f58
Convert 3503465 (base 7) to base 13.
12462b
What is 1542515 (base 7) in base 15?
42d3b
-761b5 (base 15) to base 6
-12012112
What is -2011302032 (base 4) in base 6?
-15424542
What is 2021220010201 (base 3) in base 7?
13232530
-320012312 (base 4) to base 10
-229814
Convert -3d92 (base 14) to base 6.
-122300
Convert 15624033 (base 8) to base 9.
6718445
Convert -875710 (base 10) to base 5.
-211010320
What is 41413520 (base 6) in base 7?
13124331
-101709 (base 14) to base 6
-15341005
-320317 (base 9) to base 13
-68950
Convert -10207732 (base 8) to base 10.
-2166746
1010043412 (base 5) to base 15
2a2b07
What is 2241312121 (base 5) in base 7?
60501542
Convert -139a379 (base 14) to base 16.
-913757
What is 61a4e (base 16) in base 12?
173552
13a06 (base 11) to base 7
111605
-4787e (base 16) to base 13
-a3489
What is 33022224 (base 5) in base 14?
750d0
Convert -1a60cc4 (base 13) to base 14.
-122b581
Convert -30dc6 (base 15) to base 4.
-211311222
Convert -c1a65 (base 13) to base 8.
-1245116
What is 2211322323 (base 4) in base 15?
d6576
-100441 (base 12) to base 5
-30440312
3222203 (base 5) to base 7
315261
What is -1010010011100000 (base 2) in base 10?
-42208
Convert -16835471 (base 9) to base 7.
-131655145
Convert 1330770 (base 10) to base 14.
268d90
2bddb (base 14) to base 10
109757
-1222100020 (base 3) to base 14
-10258
-3b084 (base 14) to base 5
-14124143
What is -1538003 (base 11) in base 12?
-a6a966
Convert -51a7429 (base 12) to base 13.
-3262035
What is 50b3c (base 15) in base 8?
763251
What is -85a0c1 (base 13) in base 14?
-5b8844
What is 860a58 (base 11) in base 8?
5202367
Convert -1111141023 (base 6) to base 16.
-b89647
What is 302212130 (base 4) in base 13?
73451
1580771 (base 9) to base 7
10323013
-380148 (base 9) to base 11
-147693
Convert 344b82 (base 12) to base 5.
203304114
Convert 2010211100220 (base 3) to base 12.
46a850
1758d6 (base 15) to base 8
4244122
-1241652 (base 7) to base 14
-42c29
13311102 (base 4) to base 3
1122000020
What is 1e7a94 (base 15) in base 13?
40410a
Convert -21127232 (base 8) to base 15.
-5dda16
-15460135 (base 7) to base 3
-2210212200201
Convert -246717 (base 8) to base 11.
-59227
10211100122 (base 3) to base 9
124318
-10041214 (base 5) to base 8
-235651
-10175072 (base 9) to base 11
-284119a
-322874 (base 9) to base 12
-9344a
-ed1d5 (base 15) to base 10
-753050
54b32 (base 14) to base 16
321c8
-77657 (base 11) to base 15
-23562
-2b6b7 (base 14) to base 5
-11431403
-1122010 (base 3) to base 9
-1563
What is 152112361 (base 7) in base 12?
348aa0a
-550b1 (base 13) to base 3
-21211011021
10a0653 (base 12) to base 2
1100001011110110011111
5b9cb5 (base 14) to base 8
13762527
Convert 4083827 (base 9) to base 16.
2147f8
-3406692 (base 13) to base 9
-33055280
What is 6320955 (base 10) in base 16?
60733b
Convert 110110000001010110 (base 2) to base 7.
1611050
3415240 (base 9) to base 3
10110112021100
Convert 38204e (base 15) to base 8.
12205635
332553220 (base 6) to base 8
26752014
Convert 110010011011110010010 (base 2) to base 8.
6233622
-195885 (base 11) to base 4
-1021113320
-23120030301 (base 4) to base 12
-bba129
Convert -1000441211 (base 5) to base 12.
-7ab096
-11222001110 (base 4) to base 11
-923093
4041420 (base 5) to base 6
1222003
Convert 460330 (base 8) to base 4.
212003120
What is 1994456 (base 11) in base 4?
30303333002
What is 19591 (base 10) in base 5?
1111331
-839108 (base 10) to base 9
-1518032
103302 (base 11) to base 15
34024
-410013311 (base 5) to base 15
-226671
Convert -3773334 (base 11) to base 4.
-120332312320
What is -1101010011110000110 (base 2) in base 11?
-278717
What is -1170621 (base 9) in base 13?
-193ba0
-245a3 (base 15) to base 13
-40a73
Convert 2041022 (base 6) to base 14.
27d9c
Convert 1010010212 (base 3) to base 16.
55d6
What is -113399 (base 11) in base 14?
-49924
Convert -1c11d (base 16) to base 14.
-2dc85
Convert -113020033 (base 5) to base 16.
-7e31d
What is -1204041 (base 5) in base 4?
-11131330
36079 (base 13) to base 6
2042101
-a0bc80 (base 13) to base 3
-21000222020222
What is 563330 (base 7) in base 16?
18536
What is -35646142 (base 8) in base 5?
-4000141323
What is -112122323 (base 4) in base 9?
-148868
3716860 (base 11) to base 9
13144242
-214541244 (base 6) to base 2
-1110110000110111011100
-1c50d (base 16) to base 15
-24571
-640401 (base 7) to base 8
-330063
a4469 (base 11) to base 14
3d701
Convert 1003221024 (base 5) to base 2.
111101010001001010111
Convert -24950 (base 16) to base 2.
-100100100101010000
55103030 (base 8) to base 6
1101324132
11d47 (base 14) to base 6
534351
What is 72792b (base 12) in base 15?
257568
What is 1246a2 (base 13) in base 10?
438349
65432454 (base 8) to base 12
4850038
5400024 (base 6) to base 16
408d0
2368574 (base 9) to base 5
312120244
-dc41 (base 14) to base 15
-b43b
Convert -210213213 (base 5) to base 16.
-d397b
Convert -20146460 (base 7) to base 16.
-199211
23231221 (base 7) to base 13
566197
Convert 6150135 (base 7) to base 16.
b363d
What is -54a32 (base 12) in base 4?
-123113012
230899 (base 10) to base 14
6020b
-10000110110011111110 (base 2) to base 13
-164452
Convert -268c7 (base 14) to base 2.
-10111001100111111
What is 1016432 (base 7) in base 10?
122327
Convert 14670 (base 12) to base 13.
10029
Convert 1c870 (base 15) to base 16.
16b66
22051 (base 13) to base 9
103424
-21202020210 (base 3) to base 10
-152544
-2012210121012 (base 3) to base 10
-1177043
Convert 212012112220222 (base 3) to base 11.
6a635a8
Convert -1014534555 (base 6) to base 16.
-a18fc7
-26b302c (base 13) to base 8
-56430300
What is 2022020122 (base 3) in base 9?
68218
Convert -1320214 (base 7) to base 16.
-2a3b5
Convert -1010111110111011010 (base 2) to base 9.
-607616
What is -62a0221 (base 12) in base 2?
-1000111000010001100111001
What is -1650621 (base 9) in base 6?
-31410501
-100110000010000101 (base 2) to base 11
-a704a
Convert 210020221222 (base 3) to base 11.
266400
532477 (base 8) to base 7
1336260
What is 2421793 (base 10) in base 8?
11172041
-202541110 (base 6) to base 3
-20120122210120
Convert -344145 (base 7) to base 8.
-170047
2021201102 (base 3) to base 12
22055
10011000011110010111000 (base 2) to base 3
100101211121102
Convert 2bb6 (base 16) to base 6.
123450
What is 2517260 (base 9) in base 15?
1c0ddc
3248700 (base 10) to base 7
36420300
Convert 4245404 (base 6) to base 11.
132796
What is -13796f (base 16) in base 6?
-43204355
-4425066 (base 8) to base 15
-187ad9
259a757 (base 11) to base 12
1608aa5
What is -101001010001001101000 (base 2) in base 12?
-5526b4
Convert -32c9c (base 16) to base 7.
-1524332
-33100201012 (base 4) to base 3
-21112012201021
a64cb9 (base 14) to base 7
65534222
b2405b (base 12) to base 2
1010101000000101000111
What is -97b5e1 (base 15) in base 16?
-6e474b
133133003002 (base 4) to base 11
4728094
What is 1025b (base 16) in base 9?
110647
Convert -67098 (base 15) to base 8.
-1177536
Convert 1412270 (base 8) to base 2.
1100001010010111000
What is 25103054 (base 6) in base 15?
10c7aa
-365cef (base 16) to base 6
-204210051
Convert -1b12b9 (base 13) to base 14.
-13cad9
Convert -27b56 (base 12) to base 11.
-38539
Convert 4440605 (base 7) to base 6.
15423435
What is 553237 (base 8) in base 11?
117835
2227211 (base 9) to base 7
13123504
What is -44104012 (base 5) in base 16?
-5c708
Convert -20400015 (base 7) to base 4.
-1220220